{"id":39,"date":"2016-03-11T07:05:09","date_gmt":"2016-03-11T06:05:09","guid":{"rendered":"http:\/\/www.araf.ch\/?page_id=39"},"modified":"2019-09-25T16:37:55","modified_gmt":"2019-09-25T14:37:55","slug":"il-ruolo-delle-aziende-formatrici","status":"publish","type":"page","link":"https:\/\/www.araf.ch\/?page_id=39","title":{"rendered":"Aziende formatrici"},"content":{"rendered":"<p>[vc_row][vc_column width=&#8221;1\/1&#8243; css=&#8221;.vc_custom_1457971637213{margin-top: 40px !important;}&#8221;][vc_column_text]<strong>Il ruolo delle aziende formatrici e i vantaggi che a loro derivano<\/strong><\/p>\n<p style=\"text-align: justify;\"><em>Costi di formazione troppo alti? La formazione commerciale di base vi sembra complessa? Disponete di poco personale? Pensate che sia impegnativo e oneroso seguire un apprendista? Siete specializzati in alcuni ambiti e vi sembra impossibile garantire una formazione completa? Non volete assumere un impegno triennale? Non avete un maestro di tirocinio? Sareste per\u00f2 disposti ad assumere un\/a apprendista impiegato\/a di commercio, se vi fosse un ente che vi supportasse su queste problematiche?<\/em><\/p>\n<p style=\"text-align: justify;\">Le aziende formatrici in rete svolgono un ruolo fondamentale: si dividono a rotazione di almeno un anno i doveri, la formazione e gli oneri finanziari legati a un posto di tirocinio. Accompagnati dai coordinatori della rete, esse partecipano alla stesura del programma di formazione, accompagnano e osservano l&#8217;apprendista contribuendo alla sua valutazione. Firmano un contratto di formazione di almeno un anno, supportando cos\u00ec i costi della Rete.<\/p>\n<p style=\"text-align: justify;\">ARAF Ticino coordina la rete delle aziende formatrici, le sostiene e le accompagna nei loro compiti verso l&#8217;apprendista in formazione.<\/p>\n<p style=\"text-align: justify;\"><img loading=\"lazy\" class=\"alignleft size-full wp-image-123\" src=\"https:\/\/www.araf.ch\/wp-content\/uploads\/2016\/03\/Schema-posti-tirocinio.jpg\" alt=\"Schema posti tirocinio\" width=\"463\" height=\"400\" srcset=\"https:\/\/www.araf.ch\/wp-content\/uploads\/2016\/03\/Schema-posti-tirocinio.jpg 463w, https:\/\/www.araf.ch\/wp-content\/uploads\/2016\/03\/Schema-posti-tirocinio-300x259.jpg 300w\" sizes=\"(max-width: 463px) 100vw, 463px\" \/>Per le aziende che assumono un apprendista formato in rete, i vantaggi sono concreti: vi \u00e8 la possibilit\u00e0 di assumere un giovane con impegno annuale, non dovendo per forza garantire un posto di lavoro per tre anni. Il reclutamento \u00e8 a carico dell&#8217;Istituzione guida.<\/p>\n<p style=\"text-align: justify;\">Per l&#8217;azienda che vuole formare un giovane \u00e8 fondamentale trovare un supporto per la gestione dei processi formativi e per la gestione amministrativa degli apprendisti. In risposta a queste specifiche esigenze si propone ARAF Ticino. Un&#8217;azienda necessita in questo caso di un ente esterno che la appoggi e la incoraggi ad inserire degli apprendisti nella propria struttura.<\/p>\n<p style=\"text-align: justify;\">Una rete di aziende formatrici ha un costo. Questo comprende i costi di promozione, organizzazione, gestione ecc., ed \u00e8 coperto proporzionalmente dalle quote versate dalle stesse aziende formatrici e da sussidi cantonali. Grazie a ci\u00f2 i benefici finanziari per un&#8217;impresa che entra nella rete sono legati a una maggiore produttivit\u00e0 nel lavoro e un tempo liberato per altre attivit\u00e0 produttive. I costi per l&#8217;azienda si riassumono nel salario per l&#8217;apprendista pi\u00f9 una quota per spese relative alle prestazioni fornite da ARAF Ticino.<\/p>\n<p style=\"text-align: justify;\"><em>Non dovete per forza avere al vostro interno un maestro di tirocinio: per questo siete supportati da ARAF Ticino. Otterrete cos\u00ec un alleggerimento amministrativo per le pratiche legate alla formazione dell&#8217;apprendista e i costi dello start-up formativo saranno minori.<\/em><\/p>\n<p>&nbsp;<\/p>\n<p><em><u><a href=\"https:\/\/www.araf.ch\/wp-content\/uploads\/2016\/03\/ARAF_Ticino_Depliant.pdf\" target=\"_blank\" rel=\"noopener noreferrer\">ARAF_Ticino_Depliant<\/a><\/u><\/em>[\/vc_column_text][\/vc_column][\/vc_row][vc_row][vc_column width=&#8221;1\/1&#8243;][vc_column_text]<\/p>\n<h3><\/h3>\n<div role=\"form\" class=\"wpcf7\" id=\"wpcf7-f126-o1\" lang=\"it-IT\" dir=\"ltr\">\n<div class=\"screen-reader-response\"><p role=\"status\" aria-live=\"polite\" aria-atomic=\"true\"><\/p> <ul><\/ul><\/div>\n<form action=\"\/index.php?rest_route=%2Fwp%2Fv2%2Fpages%2F39#wpcf7-f126-o1\" method=\"post\" class=\"wpcf7-form init\" novalidate=\"novalidate\" data-status=\"init\">\n<div style=\"display: none;\">\n<input type=\"hidden\" name=\"_wpcf7\" value=\"126\" \/>\n<input type=\"hidden\" name=\"_wpcf7_version\" value=\"5.3.2\" \/>\n<input type=\"hidden\" name=\"_wpcf7_locale\" value=\"it_IT\" \/>\n<input type=\"hidden\" name=\"_wpcf7_unit_tag\" value=\"wpcf7-f126-o1\" \/>\n<input type=\"hidden\" name=\"_wpcf7_container_post\" value=\"0\" \/>\n<input type=\"hidden\" name=\"_wpcf7_posted_data_hash\" value=\"\" \/>\n<\/div>\n<h3>Siete interessati a saperne di pi\u00f9 su ARAF Ticino? Contattateci!<\/h3>\n<p>Nome <br \/><span class=\"wpcf7-form-control-wrap your-nome\"><input type=\"text\" name=\"your-nome\" value=\"\" size=\"40\" class=\"wpcf7-form-control wpcf7-text\" aria-invalid=\"false\" \/><\/span> <\/p>\n<p>Cognome <br \/><span class=\"wpcf7-form-control-wrap your-cognome\"><input type=\"text\" name=\"your-cognome\" value=\"\" size=\"40\" class=\"wpcf7-form-control wpcf7-text\" aria-invalid=\"false\" \/><\/span> <\/p>\n<p>Nome Azienda* <br \/><span class=\"wpcf7-form-control-wrap your-azienda\"><input type=\"text\" name=\"your-azienda\" value=\"\" size=\"40\" class=\"wpcf7-form-control wpcf7-text wpcf7-validates-as-required\" aria-required=\"true\" aria-invalid=\"false\" \/><\/span> <\/p>\n<p>Settore attivit\u00e0 <br \/><span class=\"wpcf7-form-control-wrap your-settoreattivita\"><input type=\"text\" name=\"your-settoreattivita\" value=\"\" size=\"40\" class=\"wpcf7-form-control wpcf7-text\" aria-invalid=\"false\" \/><\/span> <\/p>\n<p>Via e numero* <br \/><span class=\"wpcf7-form-control-wrap your-indirizzo\"><input type=\"text\" name=\"your-indirizzo\" value=\"\" size=\"40\" class=\"wpcf7-form-control wpcf7-text wpcf7-validates-as-required\" aria-required=\"true\" aria-invalid=\"false\" \/><\/span> <\/p>\n<p>NPA* <br \/><span class=\"wpcf7-form-control-wrap your-NPA\"><input type=\"text\" name=\"your-NPA\" value=\"\" size=\"40\" class=\"wpcf7-form-control wpcf7-text wpcf7-validates-as-required\" aria-required=\"true\" aria-invalid=\"false\" \/><\/span> <\/p>\n<p>Luogo* <br \/><span class=\"wpcf7-form-control-wrap your-luogo\"><input type=\"text\" name=\"your-luogo\" value=\"\" size=\"40\" class=\"wpcf7-form-control wpcf7-text wpcf7-validates-as-required\" aria-required=\"true\" aria-invalid=\"false\" \/><\/span> <\/p>\n<p>Recapito telefonico* <br \/><span class=\"wpcf7-form-control-wrap your-telefono\"><input type=\"text\" name=\"your-telefono\" value=\"\" size=\"40\" class=\"wpcf7-form-control wpcf7-text wpcf7-validates-as-required\" aria-required=\"true\" aria-invalid=\"false\" \/><\/span> <\/p>\n<p>Telefono cellulare <br \/><span class=\"wpcf7-form-control-wrap your-cellulare\"><input type=\"text\" name=\"your-cellulare\" value=\"\" size=\"40\" class=\"wpcf7-form-control wpcf7-text\" aria-invalid=\"false\" \/><\/span> <\/p>\n<p>Fax <br \/><span class=\"wpcf7-form-control-wrap your-fax\"><input type=\"text\" name=\"your-fax\" value=\"\" size=\"40\" class=\"wpcf7-form-control wpcf7-text\" aria-invalid=\"false\" \/><\/span> <\/p>\n<p>E-mail* <br \/><span class=\"wpcf7-form-control-wrap your-email\"><input type=\"email\" name=\"your-email\" value=\"\" size=\"40\" class=\"wpcf7-form-control wpcf7-text wpcf7-email wpcf7-validates-as-required wpcf7-validates-as-email\" aria-required=\"true\" aria-invalid=\"false\" \/><\/span> <\/p>\n<p>Sito <br \/><span class=\"wpcf7-form-control-wrap your-subject\"><input type=\"text\" name=\"your-subject\" value=\"\" size=\"40\" class=\"wpcf7-form-control wpcf7-text\" aria-invalid=\"false\" \/><\/span> <\/p>\n<p>Richiesta:  <br \/><span class=\"wpcf7-form-control-wrap your-message\"><input type=\"text\" name=\"your-message\" value=\"\" size=\"40\" class=\"wpcf7-form-control wpcf7-text\" aria-invalid=\"false\" \/><\/span> <\/p>\n<p>Desidero:  <\/p>\n<p><span class=\"wpcf7-form-control-wrap your-collaborazione\"><span class=\"wpcf7-form-control wpcf7-checkbox wpcf7-validates-as-required\"><span class=\"wpcf7-list-item first last\"><label><input type=\"checkbox\" name=\"your-collaborazione[]\" value=\"SI, Un vostro contatto per definire la nostra collaborazione\" \/><span class=\"wpcf7-list-item-label\">SI, Un vostro contatto per definire la nostra collaborazione<\/span><\/label><\/span><\/span><\/span> <\/p>\n<p><span class=\"wpcf7-form-control-wrap your-informazioni\"><span class=\"wpcf7-form-control wpcf7-checkbox wpcf7-validates-as-required\"><span class=\"wpcf7-list-item first last\"><label><input type=\"checkbox\" name=\"your-informazioni[]\" value=\"SI, Maggiori informazioni\" \/><span class=\"wpcf7-list-item-label\">SI, Maggiori informazioni<\/span><\/label><\/span><\/span><\/span> <\/p>\n<\/td>\n<\/tr>\n<tr>\n<td style=\"width: 397px; background-color: #efefef; text-align: left; vertical-align: middle;\" colspan=\"2\"><font size=\"3\"><span class=\"wpcf7-form-control-wrap acceptance-180\"><span class=\"wpcf7-form-control wpcf7-acceptance\"><span class=\"wpcf7-list-item\"><input type=\"checkbox\" name=\"acceptance-180\" value=\"1\" aria-invalid=\"false\" \/><\/span><\/span><\/span>* Autorizzo ARAF Ticino alla raccolta e al trattamento dei miei dati personali per l\u2019esame della mia candidatura ai sensi del nuovo Regolamento europeo sulla protezione dei dati (GDPR) e della nuova Legge della Protezione dei Dati (nLPD).<\/p>\n<p><a href=\"http:\/\/www.araf.ch\/wp-content\/uploads\/2018\/06\/Privacy-Policy-valida-dal-25-maggio-2018.pdf\" target=\"_blank\">Privacy Policy (GDPR)<\/a> valida dal 25 maggio 2018 e <\/p>\n<p><a href=\"https:\/\/www.araf.ch\/?page_id=2013\" target=\"_blank\">La Dichiarazione sulla nuova Legge della Protezione dei Dati (nLPD) per la procedura di candidatura presso ARAF Ticino<\/a> valida dal 01 settembre 2023<\/p>\n<p><\/font><\/td>\n<\/tr>\n<tr>\n<p>* campi obbligatori <\/p>\n<p>[recaptcha]<\/p>\n<p><input type=\"submit\" value=\"Invia\" class=\"wpcf7-form-control wpcf7-submit\" \/><\/p>\n<div class=\"wpcf7-response-output\" aria-hidden=\"true\"><\/div><\/form><\/div>[\/vc_column_text][\/vc_column][\/vc_row]<\/p>\n","protected":false},"excerpt":{"rendered":"<p>Adesione di nuove aziende alla rete di formazione ARAF Ticino: info@araf.ch <\/p>\n","protected":false},"author":1,"featured_media":0,"parent":0,"menu_order":0,"comment_status":"closed","ping_status":"closed","template":"","meta":[],"_links":{"self":[{"href":"https:\/\/www.araf.ch\/index.php?rest_route=\/wp\/v2\/pages\/39"}],"collection":[{"href":"https:\/\/www.araf.ch\/index.php?rest_route=\/wp\/v2\/pages"}],"about":[{"href":"https:\/\/www.araf.ch\/index.php?rest_route=\/wp\/v2\/types\/page"}],"author":[{"embeddable":true,"href":"https:\/\/www.araf.ch\/index.php?rest_route=\/wp\/v2\/users\/1"}],"replies":[{"embeddable":true,"href":"https:\/\/www.araf.ch\/index.php?rest_route=%2Fwp%2Fv2%2Fcomments&post=39"}],"version-history":[{"count":15,"href":"https:\/\/www.araf.ch\/index.php?rest_route=\/wp\/v2\/pages\/39\/revisions"}],"predecessor-version":[{"id":541,"href":"https:\/\/www.araf.ch\/index.php?rest_route=\/wp\/v2\/pages\/39\/revisions\/541"}],"wp:attachment":[{"href":"https:\/\/www.araf.ch\/index.php?rest_route=%2Fwp%2Fv2%2Fmedia&parent=39"}],"curies":[{"name":"wp","href":"https:\/\/api.w.org\/{rel}","templated":true}]}}